{"id":2540,"date":"2022-06-03T14:28:26","date_gmt":"2022-06-03T14:28:26","guid":{"rendered":"https:\/\/www.humanline.es\/?page_id=2540"},"modified":"2022-06-03T15:30:37","modified_gmt":"2022-06-03T15:30:37","slug":"covid-19-prueba-de-serologia","status":"publish","type":"page","link":"https:\/\/www.humanline.es\/index.php\/covid-19-prueba-de-serologia\/","title":{"rendered":"Covid 19 &#8211; Prueba de serolog\u00eda"},"content":{"rendered":"<div class=\"wpb-content-wrapper\"><p>[vc_row full_width=\u00bb0&#8243; full_height=\u00bb0&#8243; particles=\u00bb0&#8243; css=\u00bb.vc_custom_1654249426941{padding-bottom: 0px !important;}\u00bb][vc_column]<div class=\"section_header subtitle_bottom   vc_custom_1654266417944 elegant text-left\">\n\n    <h3 style=\"margin-bottom: 25px;\">Prueba de serolog\u00eda<\/h3>\n\n\n        <p >Detecta si tienes anticuerpos del virus o est\u00e1s infectado.<\/p>\n<\/div>[\/vc_column][\/vc_row][vc_row full_width=\u00bb0&#8243; full_height=\u00bb1&#8243; particles=\u00bb0&#8243; css=\u00bb.vc_custom_1654248894150{padding-top: 0px !important;padding-bottom: 0px !important;}\u00bb][vc_column width=\u00bb1\/2&#8243;]<div class=\"pl_fixed_ratio_media  \">\n    <div class=\"stretchy_wrapper ratio_1-1   bg_vtop\" style=\"background-image: url('https:\/\/www.humanline.es\/wp-content\/uploads\/2022\/06\/test-covid-a.jpg');\">\n      <img decoding=\"async\" alt=\"\" src=\"https:\/\/www.humanline.es\/wp-content\/uploads\/2022\/06\/test-covid-a.jpg\">\n    <\/div>\n\n<\/div>[\/vc_column][vc_column width=\u00bb1\/2&#8243;][vc_column_text]<strong>* Muestra sangu\u00ednea.<\/strong><\/p>\n<p><strong>* Resultado en 48h.<\/strong><\/p>\n<p><strong>* Sensibilidad alta desde el d\u00eda 8, muy alta desde el d\u00eda 15 de infecci\u00f3n.<\/strong><\/p>\n<div style=\"font-size: 12px;\">\n<p><strong>Informaci\u00f3n:<\/strong><\/p>\n<p>La prueba de serolog\u00eda cuantitativa post exposici\u00f3n al virus SARS-CoV-2 (COVID-19) se basa en la detecci\u00f3n de anticuerpos espec\u00edficos en aquellas personas que han superado la infecci\u00f3n (de forma sintom\u00e1tica o asintom\u00e1tica) por el virus o se tiene la certeza o sospecha de haber estado expuestas a dicho virus. En general, se detectan anticuerpos a partir del 12-15 d\u00edas tras la infecci\u00f3n aunque se ha demostrado que en un bajo porcentaje de la poblaci\u00f3n no se generan anticuerpos tras la exposici\u00f3n.<\/p>\n<p>La toma de muestra es a trav\u00e9s de una extracci\u00f3n sangu\u00ednea convencional y no es necesario acudir en ayunas.<\/p>\n<p>El resultado estar\u00e1 disponible en un plazo de 24-48h.<\/p>\n<p>Independientemente del resultado, extreme medidas de higiene y prevenci\u00f3n del contagio (mascarilla permanente e higiene de manos). Si desea que el seguimiento de su caso se lleve a cabo en un centro del grupo Humanline, llame al tel\u00e9fono 956 785 333 para solicitar cita urgente.<\/p>\n<p><em>Nota: es posible haber superado la COVID-19 sin desarrollar anticuerpos. Un peque\u00f1o porcentaje de pacientes (en torno al 2-5%) no desarrolla anticuerpos, probablemente habiendo eliminado el virus mediante una respuesta inmune celular<\/em><\/p>\n<\/div>\n<p>[\/vc_column_text]<div class=\"plethora_button wpb_content_element   text-left \">\n    <a href=\"#\" debug class=\" btn btn-primary  \" title=\"\"  target=\"_self\">\n\n        \n        Contacta con nosotros\n        \n\n    <\/a>\n<\/div>[\/vc_column][\/vc_row]<\/p>\n<\/div>","protected":false},"excerpt":{"rendered":"<p>[vc_row full_width=\u00bb0&#8243; full_height=\u00bb0&#8243; particles=\u00bb0&#8243; css=\u00bb.vc_custom_1654249426941{padding-bottom: 0px !important;}\u00bb][vc_column][\/vc_column][\/vc_row][vc_row full_width=\u00bb0&#8243; full_height=\u00bb1&#8243; particles=\u00bb0&#8243; css=\u00bb.vc_custom_1654248894150{padding-top: 0px !important;padding-bottom: 0px !important;}\u00bb][vc_column width=\u00bb1\/2&#8243;][\/vc_column][vc_column width=\u00bb1\/2&#8243;][vc_column_text]* Muestra sangu\u00ednea. * Resultado en 48h. * Sensibilidad alta desde el d\u00eda 8, muy alta desde el d\u00eda 15 de infecci\u00f3n. Informaci\u00f3n: La prueba de serolog\u00eda cuantitativa post exposici\u00f3n al virus SARS-CoV-2 (COVID-19) se basa en la detecci\u00f3n [&hellip;]<\/p>\n","protected":false},"author":1,"featured_media":2487,"parent":0,"menu_order":0,"comment_status":"closed","ping_status":"closed","template":"","meta":{"footnotes":""},"_links":{"self":[{"href":"https:\/\/www.humanline.es\/index.php\/wp-json\/wp\/v2\/pages\/2540"}],"collection":[{"href":"https:\/\/www.humanline.es\/index.php\/wp-json\/wp\/v2\/pages"}],"about":[{"href":"https:\/\/www.humanline.es\/index.php\/wp-json\/wp\/v2\/types\/page"}],"author":[{"embeddable":true,"href":"https:\/\/www.humanline.es\/index.php\/wp-json\/wp\/v2\/users\/1"}],"replies":[{"embeddable":true,"href":"https:\/\/www.humanline.es\/index.php\/wp-json\/wp\/v2\/comments?post=2540"}],"version-history":[{"count":2,"href":"https:\/\/www.humanline.es\/index.php\/wp-json\/wp\/v2\/pages\/2540\/revisions"}],"predecessor-version":[{"id":2542,"href":"https:\/\/www.humanline.es\/index.php\/wp-json\/wp\/v2\/pages\/2540\/revisions\/2542"}],"wp:featuredmedia":[{"embeddable":true,"href":"https:\/\/www.humanline.es\/index.php\/wp-json\/wp\/v2\/media\/2487"}],"wp:attachment":[{"href":"https:\/\/www.humanline.es\/index.php\/wp-json\/wp\/v2\/media?parent=2540"}],"curies":[{"name":"wp","href":"https:\/\/api.w.org\/{rel}","templated":true}]}}