{"id":2121,"date":"2022-04-18T17:09:04","date_gmt":"2022-04-18T17:09:04","guid":{"rendered":"https:\/\/www.humanline.es\/?page_id=2121"},"modified":"2023-12-05T10:51:35","modified_gmt":"2023-12-05T10:51:35","slug":"hospital-de-dia-humanline-sotogrande","status":"publish","type":"page","link":"https:\/\/www.humanline.es\/index.php\/departments\/hospital-de-dia-humanline-sotogrande\/","title":{"rendered":"Hospital de D\u00eda Humanline Sotogrande"},"content":{"rendered":"<div class=\"wpb-content-wrapper\"><p>[vc_row full_width=\u00bb0&#8243; full_height=\u00bb0&#8243; particles=\u00bb0&#8243; css=\u00bb.vc_custom_1655462096878{padding-bottom: 80px !important;}\u00bb][vc_column width=\u00bb2\/3&#8243; margin=\u00bbmargin_bottom_grid\u00bb][vc_text_separator title=\u00bbCon\u00f3cenos\u00bb title_align=\u00bbseparator_align_left\u00bb][vc_column_text]El <strong>Hospital de D\u00eda Humanline Sotogrande<\/strong> dispone de un amplio rango de servicios que cubren desde la medicina general a la especializada. Este espacio est\u00e1 dedicado a la salud pero hemos innovado llevando el concepto de visita al m\u00e9dico general y al especialista hasta la m\u00e1xima personalizaci\u00f3n posible.<\/p>\n<p>En nuestro Centro M\u00e9dico, el arte conquista los espacios en homenaje a los grandes museos contempor\u00e1neos y a algunas de sus pinturas m\u00e1s significativas. Cada espacio alberga una r\u00e9plica de una obra de la colecci\u00f3n del museo del que adquiere el nombre, en un esfuerzo \u00fanico por compartir la magia del Arte m\u00e1s mundialmente reconocido con nuestros pacientes.<\/p>\n<p>Nuestro Centro M\u00e9dico est\u00e1 ubicado en el \u00e1rea comercial, los pacientes tienen acceso al parking gratuito que se encuentra en el s\u00f3tano del centro comercial, entrada por El Corte Ingl\u00e9s.<\/p>\n<p>[\/vc_column_text][vc_text_separator title=\u00bbContacta con nosotros\u00bb title_align=\u00bbseparator_align_left\u00bb css=\u00bb.vc_custom_1650387575064{margin-top: 75px !important;}\u00bb][vc_column_text]<strong>Vis\u00edtanos: C.C. Sotomarket. A7. Salida 130 11310 Sotogrande (C\u00e1diz)<\/strong><\/p>\n<p><strong>Ll\u00e1manos: (+34) 956 785 333<\/strong><\/p>\n<p><strong>Email <a href=\"mailto:info@humanline.es\">info@humanline.es<\/a><\/strong>[\/vc_column_text][\/vc_column][vc_column width=\u00bb1\/3&#8243;][vc_text_separator title=\u00bbLocalizaci\u00f3n\u00bb title_align=\u00bbseparator_align_left\u00bb][vc_gmaps link=\u00bb#E-8_JTNDaWZyYW1lJTIwc3JjJTNEJTIyaHR0cHMlM0ElMkYlMkZ3d3cuZ29vZ2xlLmNvbSUyRm1hcHMlMkZlbWJlZCUzRnBiJTNEJTIxMW0xNCUyMTFtOCUyMTFtMyUyMTFkMTI4NjMuNDQ4NDI2MDI0MzQ4JTIxMmQtNS4zMDEwNTQ2JTIxM2QzNi4yOTEzOTU2JTIxM20yJTIxMWkxMDI0JTIxMmk3NjglMjE0ZjEzLjElMjEzbTMlMjExbTIlMjExczB4MCUyNTNBMHg4ZDk0ZDM4NTZlZDBiMWQ5JTIxMnNDbCUyNUMzJTI1QURuaWNhJTI1MjBIdW1hbmxpbmUlMjUyMFNvdG9ncmFuZGUlMjE1ZTAlMjEzbTIlMjExc2VzJTIxMnNlcyUyMTR2MTY1MDMwMTYwOTgzNiUyMTVtMiUyMTFzZXMlMjEyc2VzJTIyJTIwd2lkdGglM0QlMjIxMDAlMjUlMjIlMjBoZWlnaHQlM0QlMjI0NTAlMjIlMjBzdHlsZSUzRCUyMmJvcmRlciUzQTAlM0IlMjIlMjBhbGxvd2Z1bGxzY3JlZW4lM0QlMjIlMjIlMjBsb2FkaW5nJTNEJTIybGF6eSUyMiUyMHJlZmVycmVycG9saWN5JTNEJTIybm8tcmVmZXJyZXItd2hlbi1kb3duZ3JhZGUlMjIlM0UlM0MlMkZpZnJhbWUlM0U=\u00bb][\/vc_column][\/vc_row][vc_row color_set=\u00bblight_section\u00bb full_width=\u00bb0&#8243; full_height=\u00bb0&#8243; sep_top=\u00bbseparator_top sep_angled_positive_top\u00bb particles=\u00bb0&#8243; css=\u00bb.vc_custom_1655460818120{padding-top: 90px !important;padding-bottom: 50px !important;}\u00bb][vc_column width=\u00bb1\/2&#8243;]<div class=\"section_header subtitle_bottom   elegant text-center\">\n\n    <h3 style=\"text-align: left;\">Equipo m\u00e9dico<\/h3>\n\n\n        <p >Conozca nuestros profesionales<\/p>\n<\/div>[vc_single_image image=\u00bb2869&#8243; img_size=\u00bbmedium\u00bb style=\u00bbvc_box_shadow_3d\u00bb onclick=\u00bbcustom_link\u00bb link=\u00bbhttps:\/\/www.humanline.es\/index.php\/equipo-medico\/\u00bb]<div class=\"plethora_button wpb_content_element   text-left \">\n    <a href=\"https:\/\/www.humanline.es\/index.php\/equipo-medico\/\" debug class=\"btn-lg btn btn-secondary with-icon icon-left\" title=\"Equipo m\u00e9dico\"  target=\"_self\">\n\n         <i class=\"wmi icon-i-health-services\"><\/i> \n        VER EQUIPO M\u00c9DICO\n        \n\n    <\/a>\n<\/div>[\/vc_column][vc_column width=\u00bb1\/2&#8243;]<div class=\"section_header subtitle_bottom   elegant text-center\">\n\n    <h3 style=\"text-align: left;\">Especialidades<\/h3>\n\n\n        <p >Descubra todas nuestras especialidades<\/p>\n<\/div>[vc_single_image image=\u00bb2724&#8243; img_size=\u00bbmedium\u00bb style=\u00bbvc_box_shadow_3d\u00bb onclick=\u00bbcustom_link\u00bb link=\u00bbhttps:\/\/www.humanline.es\/index.php\/especialidades-2\/\u00bb]<div class=\"plethora_button wpb_content_element   text-left \">\n    <a href=\"https:\/\/www.humanline.es\/index.php\/especialidades-2\/\" debug class=\"btn-lg btn btn-secondary with-icon icon-left\" title=\"Especialidades\"  target=\"_self\">\n\n         <i class=\"wmi icon-i-health-services\"><\/i> \n        VER ESPECIALIDADES\n        \n\n    <\/a>\n<\/div>[\/vc_column][\/vc_row]<\/p>\n<\/div>","protected":false},"excerpt":{"rendered":"<p>[vc_row full_width=\u00bb0&#8243; full_height=\u00bb0&#8243; particles=\u00bb0&#8243; css=\u00bb.vc_custom_1655462096878{padding-bottom: 80px !important;}\u00bb][vc_column width=\u00bb2\/3&#8243; margin=\u00bbmargin_bottom_grid\u00bb][vc_text_separator title=\u00bbCon\u00f3cenos\u00bb title_align=\u00bbseparator_align_left\u00bb][vc_column_text]El Hospital de D\u00eda Humanline Sotogrande dispone de un amplio rango de servicios que cubren desde la medicina general a la especializada. Este espacio est\u00e1 dedicado a la salud pero hemos innovado llevando el concepto de visita al m\u00e9dico general y al especialista hasta la [&hellip;]<\/p>\n","protected":false},"author":1,"featured_media":2509,"parent":532,"menu_order":0,"comment_status":"closed","ping_status":"closed","template":"","meta":{"footnotes":""},"_links":{"self":[{"href":"https:\/\/www.humanline.es\/index.php\/wp-json\/wp\/v2\/pages\/2121"}],"collection":[{"href":"https:\/\/www.humanline.es\/index.php\/wp-json\/wp\/v2\/pages"}],"about":[{"href":"https:\/\/www.humanline.es\/index.php\/wp-json\/wp\/v2\/types\/page"}],"author":[{"embeddable":true,"href":"https:\/\/www.humanline.es\/index.php\/wp-json\/wp\/v2\/users\/1"}],"replies":[{"embeddable":true,"href":"https:\/\/www.humanline.es\/index.php\/wp-json\/wp\/v2\/comments?post=2121"}],"version-history":[{"count":17,"href":"https:\/\/www.humanline.es\/index.php\/wp-json\/wp\/v2\/pages\/2121\/revisions"}],"predecessor-version":[{"id":3242,"href":"https:\/\/www.humanline.es\/index.php\/wp-json\/wp\/v2\/pages\/2121\/revisions\/3242"}],"up":[{"embeddable":true,"href":"https:\/\/www.humanline.es\/index.php\/wp-json\/wp\/v2\/pages\/532"}],"wp:featuredmedia":[{"embeddable":true,"href":"https:\/\/www.humanline.es\/index.php\/wp-json\/wp\/v2\/media\/2509"}],"wp:attachment":[{"href":"https:\/\/www.humanline.es\/index.php\/wp-json\/wp\/v2\/media?parent=2121"}],"curies":[{"name":"wp","href":"https:\/\/api.w.org\/{rel}","templated":true}]}}